mmon divisor of 8854 and 323?
19
Calculate the highest common factor of 77744 and 344.
344
Calculate the greatest common factor of 46433 and 59.
59
Calculate the highest common factor of 18 and 479133.
9
What is the highest common divisor of 381 and 1344930?
381
Calculate the highest common divisor of 4 and 794508.
4
Calculate the greatest common factor of 8 and 97984.
8
Calculate the highest common divisor of 350 and 97762.
14
Calculate the highest common factor of 4095 and 2007.
9
What is the highest common divisor of 2046 and 4026?
66
What is the highest common divisor of 357 and 66096?
51
Calculate the greatest common factor of 1131 and 38541.
87
Calculate the highest common factor of 3750 and 12250.
250
What is the greatest common factor of 113678 and 339?
113
Calculate the greatest common divisor of 2346 and 3009.
51
Calculate the greatest common factor of 426 and 276.
6
What is the highest common factor of 305015 and 1060?
265
Calculate the greatest common factor of 198897 and 3573.
1191
Calculate the greatest common factor of 1049 and 1.
1
Calculate the greatest common divisor of 322 and 252816.
46
What is the greatest common divisor of 3751 and 55781?
121
Calculate the highest common factor of 245 and 133868.
49
Calculate the greatest common divisor of 168 and 13839.
21
Calculate the highest common factor of 37 and 348318.
37
Calculate the highest common factor of 28 and 35540.
4
What is the highest common divisor of 174704 and 44392?
1432
What is the greatest common divisor of 960254 and 106?
106
Calculate the highest common factor of 4860 and 460080.
1620
What is the greatest common factor of 273 and 182?
91
What is the greatest common factor of 297 and 23925?
33
What is the greatest common factor of 30421 and 29?
29
What is the greatest common factor of 17577 and 135?
27
What is the highest common divisor of 3340 and 580?
20
Calculate the highest common divisor of 68360 and 610.
10
Calculate the greatest common factor of 8909 and 1888.
59
What is the highest common divisor of 125 and 248070?
5
Calculate the highest common factor of 2589429 and 3.
3
Calculate the greatest common divisor of 1170 and 99060.
390
What is the greatest common factor of 3621047 and 137?
137
Calculate the highest common divisor of 27377 and 714.
7
Calculate the greatest common divisor of 125369 and 1772.
443
Calculate the greatest common divisor of 492 and 3977.
41
Calculate the greatest common divisor of 14 and 88613.
7
Calculate the highest common factor of 1027128 and 216.
24
What is the greatest common divisor of 1088469 and 45?
9
What is the greatest common factor of 10824 and 120?
24
What is the greatest common divisor of 644917 and 91?
91
Calculate the highest common divisor of 55904 and 1152.
32
Calculate the greatest common divisor of 29900 and 14248.
52
Calculate the highest common factor of 2580 and 698965.
215
Calculate the greatest common factor of 240108 and 396.
132
What is the greatest common divisor of 748 and 26316?
68
Calculate the highest common factor of 1386 and 30789.
99
What is the highest common divisor of 1250640 and 675?
135
Calculate the greatest common factor of 3350 and 13936.
134
What is the highest common divisor of 101184 and 1147?
31
Calculate the highest common divisor of 2240 and 3080672.
224
What is the greatest common divisor of 7788 and 1534?
118
What is the highest common factor of 55900 and 14638?
26
What is the greatest common factor of 26572 and 4732?
364
Calculate the highest common divisor of 17 and 981342.
17
Calculate the greatest common divisor of 2106212 and 145.
29
Calculate the highest common factor of 457 and 953759.
457
Calculate the highest common divisor of 1368 and 1364.
4
Calculate the greatest common divisor of 507 and 993889.
169
What is the greatest common factor of 849 and 319507?
283
Calculate the highest common factor of 30 and 49335.
15
What is the greatest common factor of 290346 and 1736?
434
What is the greatest common factor of 73840 and 559?
13
What is the highest common factor of 424 and 122006?
106
What is the highest common factor of 675 and 23025?
75
What is the greatest common factor of 37352 and 7?
7
Calculate the greatest common factor of 113 and 59.
1
Calculate the highest common factor of 90 and 48096.
18
Calculate the highest common divisor of 155 and 898411.
31
What is the greatest common factor of 4745 and 715?
65
Calculate the greatest common factor of 178400 and 125.
25
What is the highest common factor of 585 and 49855?
65
Calculate the highest common divisor of 266871 and 99.
33
What is the greatest common divisor of 2525 and 7050?
25
Calculate the highest common divisor of 105612 and 1248.
156
Calculate the greatest common factor of 22528 and 220.
44
Calculate the greatest common divisor of 105685 and 575.
115
Calculate the highest common factor of 350 and 145985.
35
Calculate the highest common factor of 22559 and 17.
17
What is the greatest common factor of 358188 and 228?
228
Calculate the highest common factor of 13895 and 385.
35
Calculate the greatest common divisor of 173580 and 234070.
2630
What is the highest common factor of 4217225 and 215?
215
What is the highest common factor of 3057 and 273092?
1019
Calculate the greatest common divisor of 106424 and 24.
8
What is the greatest common factor of 14 and 15491?
7
What is the greatest common factor of 10134 and 24930?
18
What is the greatest common factor of 1817 and 3397?
79
Calculate the greatest common factor of 204 and 28407.
51
What is the greatest common divisor of 90852 and 20114?
226
What is the highest common divisor of 3443 and 7227?
11
What is the highest common factor of 176 and 288?
16
Calculate the highest common factor of 176 and 83488.
16
What is the highest common factor of 2164425 and 150?
75
Calculate the highest common divisor of 2128 and 27797.
133
What is the highest common divisor of 44 and 130372?
44
Calculate the highest common factor of 15996 and 558.
186
What is the highest common divisor of 10728 and 3230916?
1788
Calculate the highest common divisor of 21 and 363.
3
What is the highest common divisor of 1245699 and 78?
39
What is the highest common divisor of 262 and 267502?
262
What is the greatest common factor of 1440 and 5148?
36
Calculate the highest common divisor of 710 and 8023.
71
What is the highest common factor of 80073 and 62?
31
What is the greatest common factor of 82 and 274?
2
What is the highest common factor of 154909 and 485?
97
What is the greatest common divisor of 3913 and 169?
13
Calculate the greatest common divisor of 690 and 10833.
69
Calculate the highest common factor of 1281 and 1183827.
183
What is the greatest common divisor of 481 and 6253?
481
Calculate the greatest common factor of 1890 and 28.
14
What is the greatest common factor of 17 and 17442?
17
What is the highest common divisor of 276 and 444?
12
Calculate the greatest common divisor of 14577 and 774.
129
What is the greatest common divisor of 2470 and 4?
2
Calculate the highest common divisor of 396 and 229020.
132
What is the highest common divisor of 4266 and 90936?
54
Calculate the highest common factor of 200 and 549300.
100
Calculate the greatest common factor of 7144 and 8.
8
What is the highest common factor of 5670 and 576?
18
Calculate the greatest common factor of 276 and 97796.
92
What is the highest common divisor of 185337 and 63?
9
What is the greatest common factor of 108 and 3708?
36
Calculate the highest common factor of 873740 and 140.
140
What is the greatest common factor of 19397 and 1079386?
1141
Calculate the greatest common factor of 177 and 680329.
59
What is the greatest common divisor of 220 and 1011428?
44
Calculate the greatest common factor of 34685 and 2590.
35
What is the greatest common divisor of 5559 and 981?
327
Calculate the highest common divisor of 89 and 58651.
89
Calculate the greatest common divisor of 222 and 3200796.
222
What is the highest common factor of 5194 and 2646?
98
What is the highest common divisor of 23932 and 6076?
124
Calculate the highest common factor of 81406 and 404.
202
Calculate the greatest common divisor of 1386 and 11858.
154
Calculate the greatest common factor of 26508 and 16356.
564
Calculate the greatest common diviso